 -7 + -23 + (-29 - (37 - 0)).
-96
What is -117 + -31 - (-88 - 95)?
35
What is the value of (91 + -157 - (17 + -6)) + (-6 - -12)?
-71
What is the value of (157 - 49) + (-226 - -236)?
118
Evaluate 15 - (23 - (-40 + 35)).
-13
What is the value of (47 - -144) + -98 + -184?
-91
What is (2887 - 2817) + -2 + 5?
73
-34 + -17 + (22 - (-21 - -29))
-37
Calculate -86 + 1 + -8 + 9 + -5 - (-205 - -218).
-102
(45 - 14) + (57 - 78)
10
Evaluate 6 + -15 + 1 - (-16 + -33 + 16).
25
What is (-16 - -23) + -11 - (28 + 12)?
-44
What is the value of 18 + (9 + -4 - 24) - -26?
25
What is (42 - (-47 - -85)) + (2 - -18)?
24
22 + (-11 - -11) + (9 - 4) + -16
11
60 + -1 - (500 - 467)
26
Calculate (6 + 49 - 86) + 0 + 104.
73
27 + (-45 + -45 - -15)
-48
What is the value of 140 + -139 + (-37 - (2 - 7))?
-31
What is the value of -11 + (-281 - -268) + (-22 - -1)?
-45
(-59 - -62) + (15 - 103) - (-21 - -2)
-66
Evaluate -119 - (-109 - (-81 - 40)).
-131
Calculate 10 - (-8 + 11) - -21.
28
Calculate -75 - (16 - 63) - (9 - 130).
93
What is the value of (6 - 13) + (-6 - (14 + -10)) + -72 - 12?
-101
Evaluate (29 + 27 - 45) + -18.
-7
What is the value of 95 - -16 - 88 - (-2 + -33)?
58
59 - 1 - (-9 + 48 + -19)
38
Calculate (-134 - -81) + ((0 - 4) + 7 - -11).
-39
What is the value of 30 + -28 + 60 + (-8 - (-2 + -1))?
57
Evaluate 7 - ((5 - 12) + (-10 - (-33 + 10) - 20)).
21
Evaluate -25 + -103 + 123 + (-9 - (1 - 4)).
-11
What is the value of -10 - (-4 + 79 - 4)?
-81
Calculate -45 - 2 - (1573 - 1652).
32
Calculate (-11 - (-4 + -46)) + 19 + (13 - 27).
44
What is the value of -6 + (0 - (-16 + 2)) + (-5 - 68 - 0)?
-65
Evaluate -1 - 0 - -9 - (-13 + 3 + -694 + 675).
37
What is the value of 1 - (-19 + 3 + 2 + -1)?
16
Evaluate -20 - (-37 - (2 + (-8 - -9))).
20
1 + -43 + (19 - (-38 + 65))
-50
7 - (-27 + -4 + 62 + 11)
-35
What is the value of 35 + -43 + (26 - (6 - -9))?
3
Calculate -128 + 64 + 168 + 5.
109
What is 49 - ((10 - (48 - 55 - (1 - 7))) + -5)?
43
What is the value of (-95 - -71) + 37 + -1 + -29 + 38?
21
What is the value of -36 + (-6 - (4 - -1)) + 6 + 13 + -12?
-40
3 - 1 - (-37 + (70 - 38))
7
What is -30 - ((-8 - -5) + -18 + 0)?
-9
What is 18 - ((77 - 17) + -61)?
19
-44 - (-31 - 24) - 37
-26
(69 + -101 - -37) + -8 + 0
-3
85 + (-1 - (3 - 3)) + -52 + -35 + 79
76
Evaluate (-19 - (-7 + 11)) + (110 - 169).
-82
Calculate -8 - (-13 + (0 - -1) - (-45 + 25 + 120)).
104
What is (-27 - 46 - -58) + (1 - -33)?
19
What is 12 - (22 - (-19 + -57) - (5 - -1 - -7))?
-73
Evaluate (-6 - -5) + 3 + (0 - -3) - (6 + 89).
-90
Calculate 81 - (-9 - -24) - (-2 + 10 + (13 - 13)).
58
Calculate 12 + -11 - (313 + -372).
60
4 + -6 + (-21 - -2) + 11 - (-115 + 3)
102
Calculate (-44 - -76) + 57 + -86.
3
12 - ((-2 - 19) + -27)
60
Evaluate -35 + 8 + 69 + -8.
34
What is 63 + -78 + -33 + 58?
10
What is -116 - 45 - (37 - 112)?
-86
Calculate 31 + (-1 - (32 + 8)).
-10
What is (37 - (-31 + 62)) + -45?
-39
What is the value of (-8 - 20 - -24) + -1 + -1 + 55 + 0?
49
Calculate 15 - ((-37 - 21) + 27).
46
What is the value of 3 + (17 - 89) - (5 + -8 + -3 + -1)?
-62
What is 104 - ((151 - 131) + -3 + 0) - (25 - 11)?
73
Calculate -30 - (8 - (-47 + 25)) - 32.
-92
What is the value of 61 + 64 + -115 + (1 - 17)?
-6
What is the value of 2 + -5 + -2 + (5 - -8) + -50?
-42
What is the value of -2 - (25 - (-52 + 83))?
4
Evaluate -5 + 2 + -7 + (1 - -86 - (-271 - -252)).
96
What is 7 + (75 + (-3 - 3) - (13 - -3))?
60
What is the value of 75 + -81 + 28 + 44?
66
What is (13 - 5) + -8 + -10 + -19 + 16?
-13
What is 10 + -13 + 5 - ((-39 - -3) + -3)?
41
What is the value of (-5 - -2 - ((28 - 35) + 6)) + (-41 - -7)?
-36
Calculate -2 + 6 + (-49 - (-7 - -7)) + 4 + 12.
-29
Calculate 23 + (-34 + -6 - -17) - (29 + -4).
-25
-39 + 1 + 5 + 59
26
What is the value of 1 + 3 + 2491 + -2498?
-3
What is (-85 - -115) + 13 + -43?
0
-15 + -82 + 7 - -142
52
What is the value of 93 - (112 - 69) - 51?
-1
Evaluate (-102 - -5 - -10) + -89 + 59 + 7.
-110
Evaluate (-28 + (65 - -7) - 32) + 75.
87
What is the value of 43 + 1 - (-325 - -167 - -163)?
39
What is the value of -11 + -184 + 157 + (24 - 1) - 18?
-33
What is the value of 213 - (42 + 7 - -52)?
112
-1 + -4 + (11 - 1 - (25 + 43)) + 7
-56
What is the value of -9 + 48 + 140 + -150?
29
Calculate 0 + (-8 - -7) + -4 + (0 - 30).
-35
What is the value of 98 + -215 + (-53 - -137)?
-33
Evaluate -36 + -45 + 180 - 60.
39
Calculate (-6 + 0 - (117 + -64 + -51)) + -69.
-77
What is the value of 10 + -7 + -4 + 5 + -13 + 53?
44
What is (-15 - -3) + 1 + 65 + -36 + 26?
44
7 + (9 - (1 - -16 - 4)) + -3 - 45
-45
(148 - 118) + (2 - (2 - (0 - -11)))
41
What is the value of 3 + -7 - -11 - (-1718 + 1732)?
-7
What is 8 + ((14 - 4) + -22 - -18 - 56)?
-42
Evaluate -102 - (11 - (14 - 10) - (6 + 10 - 13)).
-106
What is -10 + (91 - 1 - ((-8 - -6) + -27 + 15))?
94
Evaluate (1 - 0 - 9) + ((69 - -34) + 19 - 2).
112
Evaluate 26 + -24 + 4 + -10 + (1 - 2).
-5
Calculate (-136 - -47) + -9 - -24.
-74
What is 38 + -55 + (-29 - -86)?
40
What is -1 + -24 - (141 + -98 - 15)?
-53
Evaluate -11 + (-37 + -21 - -145).
76
What is -135 + (9 - ((5 - 3) + (8 + -7 - 2)))?
-127
Evaluate -28 + (-61 - -95) - (42 + 0 + (1 - 0)).
-37
Calculate 27 + 20 + -45 + 5 + (-2 - 9).
-4
Calculate 17 + (-40 - 47 - -55).
-15
-1 + -6 - ((-31 - (-45 - -15)) + -92 + 3)
83
76 - (-89 - -49 - -154)
-38
5 + -4 + -17 + 9 - -30
23
What is the value of -9 + -1 + (12 - (7 - (9 - -20)))?
24
What is the value of -74 + 98 + 4 + -63 + (-2 - 9)?
-46
10 + -11 - -16 - (-6 + (4 - (4 + -3)))
18
Evaluate -65 + (13 + -1 - (28 + 8 + -31) - 6).
-64
What is (-84 - -173 - 136) + 66?
19
Evaluate (78 - 36) + -3 + (2 - 12) + 14.
43
Calculate -28 + (22 - -43) + -25 + -128 + 3.
-113
Evaluate -11 + (-4 - 10) + 12 + 13.
0
What is the value of -23 - (-12 + 76 + -86 + 60)?
-61
Evaluate 63 + (-190 - (-145 - -55)).
-37
What is 54 + (-35 - -4) + -25?
-2
What is the value of -1 + 38 + (1043 - 1025)?
55
What is the value of -91 - (-87 - -28) - -90?
58
(-13 - (-40 - -53)) + 52
26
Evaluate (13 - -7) + -12 + 0 - (2 - -21).
-15
Calculate -12 + -2 + (-2 - -1) - (42 + (-19 - 14)).
-24
Calculate -10 - (-5 - 5 - -1 - (-11 + 22)).
10
Evaluate 171 + -144 + (-47 - 4) + 28.
4
Evaluate -8 + -16 - (-5 + 21 + 35).
-75
7 - (-979 + 1087 + 2 + -9)
-94
What is the value of -56 - (-4 + -5 + 23) - -7?
-63
Evaluate 21 - (28 + -16) - 13 - (2 + -9) - 17.
-14
What is the value of 7 + -11 + 3 - -3 - (2 + 10)?
-10
Evaluate (-1 - -14 - (192 + -195)) + -3.
13
What is the value of -22 - (11 - ((-2 - -8) + 2 + -7))?
-32
Calculate (-9 + 17 - 7 - (-6 - -6)) + 25.
26
What is (-13 - 21) + (65 - (-36 - -12))?
55
((18 - -2) + -12 - ((2 - 4) + 3)) + -17
-10
What is the value of 1286 + -1376 + (113 - 4)?
19
Evaluate -48 + (66 - (79 - 2)).
-59
What is 9 + -1 + -1 + 2 - (-188 + 105 - -175)?
-83
Evaluate 0 + -6 + 32 + (-26 - 17) + 13 - -10.
6
Calculate (5 - 17) + 22 + -48 - 4.
-42
What is the value of 11 - 2 - (-73 + (8 + -19 + -9 - -38))?
64
Calculate 280 - 256 - (-74 + -3).
101
What is 71 + 2 - (3 + 5 + 0 + 7)?
58
Calculate -30 + 85 - (135 + -112).
32
Calculate -12 - (45 - 29) - (-119 + 24).
67
Calculate -18 + -56 + 71 + -34.
-37
Calculate (-13 - 64) + 8 + (2 - -2).
-65
What is -12 + 9 + 3 + 9 + -61 + (0 - -10)?
-42
5 + -7 + (-4 - -11) + -15 + 0 - -3
-7
Evaluate -22 + 16 + -10 + -13 + (3 - 1 - -9).
-18
What is -89 + -12 + 85 + (-6 - 1)?
-23
-15 + 3 + 30 + (-41 - (2 - -2))
-27
What is (-133 - -149 - (-2 + 14)) + (19 - -18)?
41
Evaluate 89 - (84 - 8) - (0 + 22).
-9
Calculate -7 + -28 + 13 + 9 + 29.
16
What is the value of -15 - (133 + -196 + -99)?
147
What is the value of (-7 - (-46 + -50)) + -26?
63
Calculate (0 - -15) + (100 + -198 - -98).
15
Calculate -24 + (5 - (16 + -26)) - 11.
-20
32 - ((-1 - (7 + -19)) + -18 - 4)
43
What is the value of 133 + (-26 - (-11 + -29) - 50)?
97
What is the value of 56 - (-5 + 3 - 8) - -29?
95
What is -132 + -31 + 62 + 202?
101
Evaluate 8 + 5 + (-1 + 4 - (75 + -61)) + 9.
11
55 - 5 - (-112 - -54 - -58)
50
Evaluate (18 - 27) + 14 + (9 - 11).
3
Calculate 89 + 0 + (2 - 13 - (-123 - -120)).
81
Calculate -33 - (6 - (29 + 3 + -11 - 3)).
-21
What is (-8 - 3) + -315 + 376?
50
Evaluate 16 + -6 + 1 + (39 - 73 - 55).
-78
What is the value of 12 + (54 - -12) + (-12 - (4 - 6) - 1)?
67
What is the value of -143 + 130 + (3 - 30) + 1 + -14?
-53
Calculate 171 +